{"id":133,"date":"2023-01-16T16:06:13","date_gmt":"2023-01-16T15:06:13","guid":{"rendered":"https:\/\/www.rothstein.biz\/?page_id=133"},"modified":"2023-01-16T21:32:52","modified_gmt":"2023-01-16T20:32:52","slug":"datenschutzerklaerung","status":"publish","type":"page","link":"https:\/\/www.rothstein.biz\/?page_id=133","title":{"rendered":"Datenschutzerkl\u00e4rung"},"content":{"rendered":"\n<h2>Anbieter der Website<\/h2>\n\n\n\n<p>B. &amp; B. Rothstein Arealpflege Hausmeisterdienste GmbH<br>Allg\u00e4ustra\u00dfe 75<br>88138 Sigmarszell<br>Deutschland<\/p>\n\n\n\n<hr class=\"wp-block-separator has-alpha-channel-opacity\"\/>\n\n\n\n<p>Verantwortliche Stelle im Sinne der Datenschutzgesetze, insbesondere der EU-Datenschutzgrundverordnung (DSGVO), ist:<\/p>\n\n\n\n<p>Bernhard Rothstein<br>Allg\u00e4ustra\u00dfe 75<br>88138 Sigmarszell<br>Deutschland<br>Mail: info &lt;at&gt; rothstein.biz<\/p>\n\n\n\n<h2>Welche personenbezogenen Daten wir sammeln und warum wir sie sammeln<\/h2>\n\n\n\n<h3>Kommentare<\/h3>\n\n\n\n<p>Wenn Besucher Kommentare auf der Website schreiben, sammeln wir die Daten, die im Kommentar-Formular angezeigt werden, au\u00dferdem die IP-Adresse des Besuchers und den User-Agent-String (damit wird der Browser identifiziert), um die Erkennung von Spam zu unterst\u00fctzen.<\/p>\n\n\n\n<p>Aus Ihrer E-Mail-Adresse kann eine anonymisierte Zeichenfolge erstellt (auch Hash genannt) und dem Gravatar-Dienst \u00fcbergeben werden, um zu pr\u00fcfen, ob Sie diesen benutzen. Die Datenschutzerkl\u00e4rung des Gravatar-Dienstes finden Sie hier: https:\/\/automattic.com\/privacy\/. Nachdem Ihr Kommentar freigegeben wurde, ist Ihr Profilbild \u00f6ffentlich im Kontext Ihres Kommentars sichtbar.<\/p>\n\n\n\n<h3>Medien<\/h3>\n\n\n\n<p>Wenn Sie ein registrierter Benutzer sind und Fotos auf diese Website laden, sollten Sie vermeiden, Fotos mit einem EXIF-GPS-Standort hochzuladen. Besucher dieser Website k\u00f6nnten Fotos, die auf dieser Website gespeichert sind, herunterladen und deren Standort-Informationen extrahieren.<\/p>\n\n\n\n<h3>Cookies<\/h3>\n\n\n\n<p>Wenn Sie einen Kommentar auf unserer Website schreiben, kann das eine Einwilligung sein, Ihren Namen, E-Mail-Adresse und Website in Cookies zu speichern. Dies ist eine Komfortfunktion, damit Sie nicht, wenn Sie einen weiteren Kommentar schreiben, all diese Daten erneut eingeben m\u00fcssen. Diese Cookies werden ein Jahr lang gespeichert.<\/p>\n\n\n\n<p>Falls Sie ein Konto haben und Sie sich auf dieser Website anmelden, werden wir ein tempor\u00e4res Cookie setzen, um festzustellen, ob Ihr Browser Cookies akzeptiert. Dieses Cookie enth\u00e4lt keine personenbezogenen Daten und wird verworfen, wenn Sie Ihren Browser schlie\u00dfen.<\/p>\n\n\n\n<p>Wenn Sie sich anmelden, werden wir einige Cookies einrichten, um Ihre Anmeldeinformationen und Anzeigeoptionen zu speichern. Anmelde-Cookies verfallen nach zwei Tagen und Cookies f\u00fcr die Anzeigeoptionen nach einem Jahr. Falls Sie bei der Anmeldung \u201eAngemeldet bleiben\u201c ausw\u00e4hlen, wird Ihre Anmeldung zwei Wochen lang aufrechterhalten. Mit der Abmeldung aus Ihrem Konto werden die Anmelde-Cookies gel\u00f6scht.<\/p>\n\n\n\n<p>Wenn Sie einen Artikel bearbeiten oder ver\u00f6ffentlichen, wird ein zus\u00e4tzlicher Cookie in Ihrem Browser gespeichert. Dieser Cookie enth\u00e4lt keine personenbezogenen Daten und verweist nur auf die Beitrags-ID des Artikels, den Sie gerade bearbeitet haben. Der Cookie verf\u00e4llt nach einem Tag.<\/p>\n\n\n\n<p>Wir verwenden anonyme Cookies, um zu verhindern, dass Benutzer das gleiche Pop-up wiederholt sehen, um unseren Benutzern eine angenehmere Erfahrung zu erm\u00f6glichen und gleichzeitig Zeit-sensible Nachrichten zu liefern.<\/p>\n\n\n\n<figure class=\"wp-block-table\"><table><thead><tr><th>Cookie Name<\/th><th>Bedienungsanleitung<\/th><th>Zeit<\/th><\/tr><\/thead><tbody><tr><td><strong>cookie_notice_accepted<\/strong><\/td><td>Das Cookie wird verwendet, um zu verhindern, dass Popup-Fenster wiederholt angezeigt werden.<\/td><td>24h<\/td><\/tr><\/tbody><\/table><\/figure>\n\n\n\n<p>Tabelleninhalt: Von unserem Popup gespeichertes Cookie<\/p>\n\n\n\n<p>Desweiteren speichern wir keine Cookies um Ihre Aktivit\u00e4ten im Internet verfolgen zu k\u00f6nnen (\u201eTracking-Cookie\u201c).<\/p>\n\n\n\n<p>Wir empfehlen generell, Cookies im Browser regelm\u00e4\u00dfig nach jeder Sitzung zu l\u00f6schen. Dies l\u00e4sst sich in allen Browsern automatisch durchf\u00fchren!<\/p>\n\n\n\n<h3>Eingebettete Inhalte von anderen Websites<\/h3>\n\n\n\n<p>Beitr\u00e4ge auf dieser Website k\u00f6nnen eingebettete Inhalte beinhalten (z.&nbsp;B. Videos, Bilder, Beitr\u00e4ge etc.). Eingebettete Inhalte von anderen Websites verhalten sich exakt so, als ob der Besucher die andere Website besucht h\u00e4tte.<\/p>\n\n\n\n<p>Diese Websites k\u00f6nnen Daten \u00fcber Sie sammeln, Cookies benutzen, zus\u00e4tzliche Tracking-Dienste von Dritten einbetten und deine Interaktion mit diesem eingebetteten Inhalt aufzeichnen, inklusive Ihrer Interaktion mit dem eingebetteten Inhalt, falls Sie ein Konto haben und auf dieser Website angemeldet sind.<\/p>\n\n\n\n<h3>Analysedienste<\/h3>\n\n\n\n<p>Wir verwenden selbst keine Analysedienste. Unser Serveranbieter Strato kann allerdings einzelne personenbezogene Daten \u00fcber den Zugriff auf seinen Server erheben. Bitte beachten Sie hierzu auch <a href=\"https:\/\/www.strato.de\/datenschutz\/\">https:\/\/www.strato.de\/datenschutz\/<\/a><\/p>\n\n\n\n<h3>Sonstiges<\/h3>\n\n\n\n<p>Um Bruteforce-Attacken auf das Backend unseres Servers zu verhindern, speichern wir bei fehlgeschlagenen Anmeldeversuchen die IP-Adresse des Benutzers nach Art. 6 Abs. 1 lit. f DSGVO (berechtiges Interesse).<\/p>\n\n\n\n<h2>Mit wem wir Ihre Daten teilen<\/h2>\n\n\n\n<p>Wir erheben selbst keine Daten der Websitebenutzer und teilen diese folglich auch nicht! Benutzer dieser Website k\u00f6nnen sich weder bei uns anmelden noch k\u00f6nnen Kommentare gespeichert werden.<\/p>\n\n\n\n<h2>Wie lange wir deine Daten speichern<\/h2>\n\n\n\n<p>Wenn Sie einen Kommentar schreiben, wird dieser inklusive Metadaten zeitlich unbegrenzt gespeichert. Auf diese Art k\u00f6nnen wir Folgekommentare automatisch erkennen und freigeben, anstelle sie in einer Moderations-Warteschlange festzuhalten.<\/p>\n\n\n\n<p>F\u00fcr Benutzer, die sich auf unserer Website registrieren, speichern wir zus\u00e4tzlich die pers\u00f6nlichen Informationen, die sie in ihren Benutzerprofilen angeben. Alle Benutzer k\u00f6nnen jederzeit ihre pers\u00f6nlichen Informationen einsehen, ver\u00e4ndern oder l\u00f6schen (der Benutzername kann nicht ver\u00e4ndert werden). Administratoren der Website k\u00f6nnen diese Informationen ebenfalls einsehen und ver\u00e4ndern.<\/p>\n\n\n\n<p>E-Mails, welche wir \u00fcber das Kontaktformular erhalten werden so lange gespeichert, bis das Anliegen des Websitebesuchers gekl\u00e4rt wurde. Danach werden diese gel\u00f6scht.<\/p>\n\n\n\n<h2>Welche Rechte Sie an Ihren Daten haben<\/h2>\n\n\n\n<p>Wenn Sie ein Konto auf dieser Website besitzen oder Kommentare geschrieben haben, k\u00f6nnen Sie einen Export Ihrer personenbezogenen Daten bei uns anfordern, inklusive aller Daten, die Sie uns mitgeteilt haben. Dar\u00fcber hinaus k\u00f6nnen Sie die L\u00f6schung aller personenbezogenen Daten, die wir von Ihnen gespeichert haben, anfordern. Dies umfasst nicht die Daten, die wir aufgrund administrativer, rechtlicher oder sicherheitsrelevanter Notwendigkeiten aufbewahren m\u00fcssen.<\/p>\n\n\n\n<h2>Wohin wir Ihre Daten senden<\/h2>\n\n\n\n<p>Besucher-Kommentare k\u00f6nnten von einem automatisierten Dienst zur Spam-Erkennung untersucht werden. Die Kommentarfunktion ist allerdings auf der gesamten Website ausgeschaltet.<\/p>\n\n\n\n<h2>Wo wir Ihre Daten speichern<\/h2>\n\n\n\n<p>Alle Daten werden auf Servern in Deutschland gespeichert. Serverbetreiber ist die STRATO AG, Pascalstra\u00dfe 10, 10587 Berlin (<a rel=\"noreferrer noopener\" href=\"https:\/\/www.strato.de\/impressum\/\" target=\"_blank\">Impressum<\/a>).<\/p>\n\n\n\n<h2>Weiteres<\/h2>\n\n\n\n<p>Alle von dieser Website verwendeten und hier nicht aufgef\u00fchrten Plugins wurden sorgf\u00e4ltig auf ihre Konformit\u00e4t mit der DSGVO gepr\u00fcft!<\/p>\n\n\n\n<p>Bei Fragen zum Datenschutz k\u00f6nnen Sie uns auch direkt per Mail (siehe <a href=\"https:\/\/rothstein.info\/impressum\/\">Impressum<\/a>) erreichen.<\/p>\n","protected":false},"excerpt":{"rendered":"<p>Anbieter der Website B. &amp; B. Rothstein Arealpflege Hausmeisterdienste GmbHAllg\u00e4ustra\u00dfe 7588138 SigmarszellDeutschland Verantwortliche Stelle im Sinne der Datenschutzgesetze, insbesondere der EU-Datenschutzgrundverordnung (DSGVO), ist: Bernhard RothsteinAllg\u00e4ustra\u00dfe 7588138 SigmarszellDeutschlandMail: info &lt;at&gt; rothstein.biz Welche personenbezogenen Daten wir sammeln und warum wir sie sammeln Kommentare Wenn Besucher Kommentare auf der Website schreiben, sammeln wir die Daten, die im Kommentar-Formular<a href=\"https:\/\/www.rothstein.biz\/?page_id=133\">[&#8230;]<\/a><\/p>\n","protected":false},"author":1,"featured_media":0,"parent":0,"menu_order":0,"comment_status":"closed","ping_status":"closed","template":"","meta":[],"_links":{"self":[{"href":"https:\/\/www.rothstein.biz\/index.php?rest_route=\/wp\/v2\/pages\/133"}],"collection":[{"href":"https:\/\/www.rothstein.biz\/index.php?rest_route=\/wp\/v2\/pages"}],"about":[{"href":"https:\/\/www.rothstein.biz\/index.php?rest_route=\/wp\/v2\/types\/page"}],"author":[{"embeddable":true,"href":"https:\/\/www.rothstein.biz\/index.php?rest_route=\/wp\/v2\/users\/1"}],"replies":[{"embeddable":true,"href":"https:\/\/www.rothstein.biz\/index.php?rest_route=%2Fwp%2Fv2%2Fcomments&post=133"}],"version-history":[{"count":7,"href":"https:\/\/www.rothstein.biz\/index.php?rest_route=\/wp\/v2\/pages\/133\/revisions"}],"predecessor-version":[{"id":151,"href":"https:\/\/www.rothstein.biz\/index.php?rest_route=\/wp\/v2\/pages\/133\/revisions\/151"}],"wp:attachment":[{"href":"https:\/\/www.rothstein.biz\/index.php?rest_route=%2Fwp%2Fv2%2Fmedia&parent=133"}],"curies":[{"name":"wp","href":"https:\/\/api.w.org\/{rel}","templated":true}]}}